-575553
In base 12, what is -1 + 6898?
6897
In base 6, what is 25 - -11510?
11535
In base 16, what is 13 + c7?
da
In base 8, what is 761754 - -3?
761757
In base 5, what is 4 + -22233?
-22224
In base 11, what is -231 + 11aa?
a79
In base 5, what is 2 - 4310101?
-4310044
In base 7, what is 12510360 + 3?
12510363
In base 4, what is 0 - -220333201?
220333201
In base 15, what is 2a + -724?
-6e9
In base 5, what is -13 - -2232202?
2232134
In base 2, what is 101111000001101000 - 1001?
101111000001011111
In base 10, what is 542935 - 4?
542931
In base 14, what is 1 - -54514?
54515
In base 8, what is 14 + 11132?
11146
In base 5, what is -12014 + 124?
-11340
In base 3, what is -10201101221 + -2?
-10201102000
In base 14, what is 4c9d + -4?
4c99
In base 6, what is 1 + -154454?
-154453
In base 9, what is -245 - -2?
-243
In base 15, what is -1 - 1199?
-119a
In base 4, what is 212 - 201110?
-200232
In base 9, what is -7515 - 621?
-8236
In base 9, what is -3770348 - -1?
-3770347
In base 4, what is -3103 - 310?
-10013
In base 5, what is -1213 - 11013?
-12231
In base 13, what is -58 - 3226?
-3281
In base 14, what is -61322 - -1?
-61321
In base 8, what is 4 - -65574?
65600
In base 11, what is 194813 - -2?
194815
In base 6, what is 2 + -233111?
-233105
In base 10, what is -20029 + 4?
-20025
In base 7, what is -4532 - 6055?
-13620
In base 14, what is -1237 + 345?
-cd2
In base 6, what is -211300420 + -1?
-211300421
In base 15, what is -6456 - -2?
-6454
In base 11, what is 2 - -6908?
690a
In base 12, what is -5493 + -30?
-5503
In base 16, what is 4 - 19903?
-198ff
In base 11, what is 5 - -56a4?
56a9
In base 12, what is -12 - 124991?
-1249a3
In base 15, what is 73a - -24d?
988
In base 10, what is 3892 + -34?
3858
In base 14, what is d89b7 - -3?
d89ba
In base 11, what is -115465 + 2?
-115463
In base 15, what is -52b0d - 3?
-52b11
In base 13, what is 0 - -44a0?
44a0
In base 11, what is 149 + -8a7?
-759
In base 4, what is 200230 + -3213?
131011
In base 10, what is 81 + -44593?
-44512
In base 5, what is -10 - -11030200?
11030140
In base 10, what is -4563 - 55?
-4618
In base 11, what is -20 + a619?
a5a9
In base 3, what is 1022100 - -201?
1100001
In base 7, what is -1313 + 15122?
13506
In base 6, what is 2031355 + 3?
2031402
In base 9, what is -5 + 2045?
2040
In base 5, what is 24431304 + -2?
24431302
In base 14, what is -4 + 61050?
6104a
In base 16, what is -27ba + 3?
-27b7
In base 9, what is 272018 - -3?
272022
In base 4, what is -100121 + 2?
-100113
In base 5, what is -21121 + 21?
-21100
In base 12, what is 5 + 21721?
21726
In base 3, what is 122111122 + 10?
122111202
In base 15, what is -151d - 10?
-152d
In base 12, what is 5 + 319672?
319677
In base 10, what is 142 - -51?
193
In base 3, what is 11202121 + -10?
11202111
In base 10, what is 217 + 1379?
1596
In base 15, what is 6b - 9c4?
-958
In base 14, what is -a + 4592?
4586
In base 4, what is -2102111 + 1?
-2102110
In base 11, what is -85 - 4a0?
-575
In base 12, what is 0 - -2762?
2762
In base 2, what is -101 + -111111010000011111?
-111111010000100100
In base 5, what is -111032 - 4?
-111041
In base 8, what is -265 - -24?
-241
In base 11, what is -6a36 + -4?
-6a3a
In base 12, what is -437 - 150?
-587
In base 12, what is -45 - -241?
1b8
In base 12, what is -313 + -437?
-74a
In base 13, what is -3c91 + -119?
-40aa
In base 16, what is 3 - aa36?
-aa33
In base 10, what is -232 + 3808?
3576
In base 4, what is -32230211 + -230?
-32231101
In base 5, what is 1 - 30444001?
-30444000
In base 2, what is 11111101001 - -10000110?
100001101111
In base 14, what is -1c058 + 5?
-1c053
In base 6, what is -20011154 - -2?
-20011152
In base 2, what is 1101010111 + -101010101?
1000000010
In base 14, what is -3 - -2d827?
2d824
In base 9, what is -602 - 522?
-1224
In base 14, what is -27d41 + 2?
-27d3d
In base 13, what is -10683 - 27?
-106aa
In base 14, what is -2 + 17895?
17893
In base 3, what is 12 + 211?
1000
In base 10, what is 3 - -6077?
6080
In base 2, what is -11010101 - 110011101111?
-110111000100
In base 11, what is -186 - -23a?
64
In base 5, what is -1102 - -10114?
4012
In base 12, what is -18600 + 4?
-185b8
In base 11, what is 2248 - -48?
2295
In base 10, what is -43681 + 1?
-43680
In base 12, what is 12 - 25678?
-25666
In base 8, what is -123 - 101?
-224
In base 9, what is -522 + 4270?
3647
In base 14, what is -4839 + -8?
-4843
In base 7, what is 1 - -120653?
120654
In base 4, what is -1132002 + 333?
-1131003
In base 6, what is 5 - -15510250?
15510255
In base 8, what is -12 - 25021?
-25033
In base 2, what is -1000000010011 + -100?
-1000000010111
In base 13, what is 191 + -40?
151
In base 9, what is 3 - -420546?
420550
In base 16, what is 6 + 9d275?
9d27b
In base 15, what is 10 - -1994?
19a4
In base 10, what is -2257 - -166?
-2091
In base 9, what is -71 - -5166?
5085
In base 12, what is 1aba + -1196?
924
In base 3, what is 11122020 + -22021?
11022222
In base 12, what is 46 - -24570?
245b6
In base 7, what is 1655 + 13?
2001
In base 2, what is 11100111001111 - -1000?
11100111010111
In base 9, what is -1476 - 123?
-1610
In base 2, what is -10100 - -10000100100000?
10000100001100
In base 12, what is -81 + -524?
-5a5
In base 13, what is 5 - -265c?
2664
In base 3, what is -102012 + -22120?
-201202
In base 11, what is -2384 + 34?
-2350
In base 4, what is -1023 + 132211?
131122
In base 12, what is 2b1 + 9?
2ba
In base 13, what is -508 + -204?
-70c
In base 2, what is -1010011001101 + 110110?
-1010010010111
In base 15, what is -85b + 14?
-847
In base 9, what is 118 + -24?
84
In base 7, what is -1303063 + -22?
-1303115
In base 12, what is -265a4 - -3b?
-26565
In base 2, what is -1 - -100101110101001?
100101110101000
In base 4, what is -1021222 + 10?
-1021212
In base 9, what is 12715 + 28?
12744
In base 7, what is 11633 - 354?
11246
In base 9, what is 1327174 - -4?
1327178
In base 5, what is -3 - 10314?
-10322
In base 13, what is -4477 - 3a?
-44b4
In base 12, what is 5 - -10b379?
10b382
In base 13, what is 2 + -295654?
-295652
In base 11, what is 2 + 21078?
2107a
In base 12, what is 297 + 34?
30b
In base 2, what is -10010100 - 10110110101100?
-10111001000000
In base 16, what is -392382 + -2?
-392384
In base 8, what is -375430 + 5?
-375423
In base 7, what is -1314145 - 0?
-1314145
In base 15, what is 6 + -101393?
-10138c
In base 15, what is -24c + -29?
-276
In base 16, what is -4 - -42d5?
42d1
In base 7, what is 3232 + 1356?
4621
In base 10, what is 0 + 1150?
1150
In base 11, what is -877 + -136?
-a02
In base 7, what is -5533 - -6?
-5524
In base 6, what is -12152411 - -5?
-12152402
In base 11, what is -110 - 22034?
-22144
In base 12, what is 302 + 90?
392
In base 2, what is 11 + -11100110?
-11100011
In base 7, what is -364 + -2542?
-3236
In base 16, what is 3 + 33a66?
33a69
In base 15, what is 88860 - -2?
88862
In base 16, what is d + a9dd?
a9ea
In base 8, what is 1001642 - -5?
1001647
In base 6, what is 1302 - 5041?
-3335
In base 16, what is -59b23 + 4?
-59b1f
In base 6, what is 3 - 42353?
-42350
In base 13, what is 1b159 - -4?
1b160
In base 15, what is 17 + -221b?
-2204
In base 5, what is -1031344331 + -10?
-1031344341
In base 4, what is 1203 - -1132?
3001
In base 14, what is 0 + -5887?
-5887
In base 12, what is -2 - -693a19?
693a17
In base 15, what is -220cc - 4?
-220d1
In base 7, what is 2 + 1661212?
1661214
In base 4, what is -1 + -2000213?
-2000220
In base 2, what is -101 - -1001001011011111?
1001001011011010
In base 3, what is 20112111221112 - -2?
20112111221121
In base 2, what is -101010100011 - -11011011001?
-1111001010
In base 10, what is -4934 + -255?
-5189
In base 3, what is 10 - 2011021200?
-2011021120
In base 4, what is 1322311223 - 10?
1322311213
In base 10, what is -365 - 79?
-444
In base 9, what is -5156 + -53?
-5220
In base 10, what is 15 + 907?
922
In base 6, what is 11055031 - -3?
11055034
In base 2, what is 1001111000 - -10101110111?
11111101111
In base 11, what is 226 - 189?
48
In base 2, what is -11001000100011000 + -101?
-11001000100011101
In base 6, what is 321324 - 2?
321322
In base 11, what is -32 - -64?
32
In base 3, what is 111 + -2021110?
-2020222
In base 16, what is -12f1 + -1?
-12f2
In base 4, what is 31302 - 322?
30320
In base 7, what is -11 + -21334?
-21345
In base 9, what is 113510 + 3?
113513
In base 2, wha